by 197?
172
Let y = 11558 - 8205. Calculate the remainder when y is divided by 13.
12
Let r(q) = 32*q - 404. Calculate the remainder when 699 is divided by r(14).
39
Let h(q) = q**3 - 44*q**2 - 2*q + 118. Suppose -299 = -6*r + 217. What is the remainder when r is divided by h(44)?
26
Suppose -3*k + 30 = 3*g, 34 = 4*k - 12*g + 13*g. Calculate the remainder when 53 is divided by k.
5
Let r = 19 + 33. Let m(p) = -4868*p + 24358. Calculate the remainder when r is divided by m(5).
16
Let k(b) = -b**2 - 3*b + 4. Let w be k(-3). Suppose 5*d - 4*d = w. Suppose -o + 82 = y, d*o - 152 - 152 = 4*y. Calculate the remainder when o is divided by 22.
13
Let d = 559 - 484. Let r = -1 + 4. Calculate the remainder when 71 is divided by d*1/(0 + r).
21
Suppose i = 2*m - 8, 13 - 5 = 4*i. Suppose m*u = 8*u - 12. Let x = 64 + -61. Calculate the remainder when u is divided by x.
1
Calculate the remainder when (18/10)/((-9)/(-28665)*13) is divided by 77.
56
Let s(g) = 53*g + 3981. Calculate the remainder when s(-55) is divided by 6.
4
Let r(k) = k**2 + 4*k - 5. Suppose -3*c - 5*o - 8 = 0, 1 + 5 = -2*c - 3*o. What is the remainder when r(c) is divided by ((-46)/(-7))/2 + 234/33579*-41?
1
Let p be 25/10*2 + -2. Suppose -3*v - 9 = -f + 2, 3*v + p = 0. What is the remainder when 45 is divided by f?
5
Let k = -15163 - -21405. Suppose 4*r + 4*x = 3*x - k, -2*x + 4676 = -3*r. Calculate the remainder when (2/6)/((-10)/r) is divided by 9.
7
Suppose 5*t - 540 = -786*j + 782*j, -2*j = -t - 270. What is the remainder when 839 is divided by j?
29
Let x(k) = k**3 + 6*k**2 - 113*k + 30. What is the remainder when 289 is divided by x(-14)?
25
Suppose 3*i - 5*p - 523 = 0, 4*i - 1113*p + 1111*p = 674. What is the remainder when 1155 is divided by i?
159
Suppose 0*y = -5*y + 160. Let x = 1656 - 1637. Calculate the remainder when y is divided by x.
13
Let j(h) = 144*h - 271. Let l = 32 + 39. Let o = -23 + l. What is the remainder when o is divided by j(2)?
14
What is the remainder when (-9)/(-12)*30520/35 is divided by 39?
30
Suppose 0 = 5*g + 33*g - 36518. What is the remainder when g is divided by 46?
41
Let y = -63 + 21. Let r = 31 - y. Calculate the remainder when 435 is divided by r.
70
Let p = -11944 + 12007. Calculate the remainder when p is divided by -2*((-26)/4 + 0).
11
Suppose 2*d + d = -5*s + 419, 2*d + 89 = s. Suppose -s*c - 300 = -95*c. What is the remainder when c is divided by 17?
13
Suppose 0 = -56*t + 74*t - 486. Suppose 4*l + 565 = 3*m, -3*m = -0*m - 2*l - 557. Calculate the remainder when m is divided by t.
21
What is the remainder when 6 + 369 + (3 + -3)/6 is divided by 187?
1
Suppose 5*x + 205 = 5*o, -o + 2*x + 37 = 3*x. Let m = 45 - o. Suppose -5*q = -31 + m. What is the remainder when 6 is divided by q?
1
Let q = 32 + -18. Let v(i) = -1415*i + 25. Calculate the remainder when v(0) is divided by q.
11
Calculate the remainder when 2 + (-2)/(9 + -10 + (-2373)/(-2379)) is divided by 79.
5
Let q be (-760)/57*(-6)/8. Suppose -5*t - 6*d + 3*d + 58 = 0, 0 = t - d - q. Calculate the remainder when ((-2)/5)/(2/(-130)) is divided by t.
4
Let z = -4441 - -4457. What is the remainder when 919 is divided by z?
7
Let p = 160 - 155. Suppose 0 = 2*i + n + n - 278, 719 = p*i - 3*n. Calculate the remainder when i is divided by 36.
34
Suppose -29*n = -34*n + 800. What is the remainder when 320 is divided by n?
0
Suppose 0 = 13*c + 1421 - 1473. Suppose 0 = -3*h - 6, c*t + 145 = 7*t - 5*h. Let n(g) = 3*g**2 + 4*g. Calculate the remainder when n(7) is divided by t.
40
Suppose -l = -2*p + 559, l - 266 = -p + 15. What is the remainder when ((-40)/(-50))/(2/p*1) is divided by 30?
22
Let d = 40 + -25. Let w(o) = -o**2 + 13*o + 2. Let g be w(d). Let t = 32 + g. Calculate the remainder when 6 is divided by t.
2
Let h = -576 - -586. Suppose 4*c + 3 = -1, -82 = -5*n + 2*c. What is the remainder when -65*(-12)/h - 3 is divided by n?
11
Suppose -t - 340 = -5*n + t, -4*n = 4*t - 300. Let b = -24 + n. Suppose 156*g + 158*g = -23*g + 4044. What is the remainder when b is divided by g?
10
Let x(d) = 1476*d - 8817. Calculate the remainder when x(22) is divided by 13.
8
Suppose 0 = -2*u + 2*l + 88, l - 324 - 193 = -16*u. Calculate the remainder when 189/2 - 1/(-2) is divided by u.
29
Let y = 320 + -180. Suppose -w + 210 = 3*i, 2*i + y = 4*i + w. Calculate the remainder when 50 is divided by (4 - 1)*(i/15 - -1).
16
Suppose -39*f + 32*f = -1414. Let m be (10/(-4))/(1/(-46)). Let r = f - m. Calculate the remainder when r is divided by 30.
27
Let j = -13042 - -19194. What is the remainder when j is divided by 12?
8
Let f(l) = -l**2 - 38*l + 172. Let m be f(-42). Suppose m*w - 55 = -7*b + 8*b, 64 = 4*w - 4*b. What is the remainder when 49 is divided by w?
10
What is the remainder when (-2898)/161 + (-1005)/(-1) is divided by 109?
6
Suppose 0 = -2*d - 2*l + 92, -5*d + 3*l + 156 = -d. Calculate the remainder when 12 + -16 - 7/(-2)*44 is divided by d.
24
Let w = -3170 + 5356. Suppose -28*j - 618 = -w. What is the remainder when (27/(-18))/((-6)/1336) is divided by j?
54
Let g(i) = 10*i**2 + 15*i - 26. What is the remainder when g(-7) is divided by 26?
21
Let j be 2/(-9) + 94/18. Suppose -12 + 4 = 4*g, j*p = 2*g + 499. What is the remainder when p is divided by 50?
49
Let a = 8 + 2. Suppose -52*t = 63*t - 8625. Calculate the remainder when t is divided by a.
5
Let f = -228 + 233. Suppose 4*d - 495 = -f*a, 7*d - 8*d = 0. What is the remainder when a is divided by 27?
18
Let f(i) = 30*i**2 + 372*i - 1105. What is the remainder when 1431 is divided by f(3)?
26
Let v(f) = f**2 + f + 26. Let u be v(0). Let r = -430 + 445. Suppose l + 3*l - u = -3*w, 5*w - r = -l. Calculate the remainder when 7 is divided by w.
1
Suppose 0 = 7*g - 21. Suppose g*d = 2*m + 39, -32 - 68 = 5*m - 5*d. What is the remainder when 22 is divided by 2/7 - (-82)/m*-3?
10
Let s(g) = 10*g**2 + 6*g - 15. Calculate the remainder when s(-8) is divided by 566.
11
Let t(d) = -d**3 - 17*d**2 + 29*d - 26. Let z be t(-18). Let m = z - -284. What is the remainder when m is divided by 16?
12
Suppose -4*w - 2*h = -6, 0 = -18*h + 15*h - 9. Suppose 0 = 3*u - 4*r + r - 1011, w*u + 2*r - 1036 = 0. What is the remainder when u is divided by 23?
20
Suppose f + 19 = 23. Suppose -p + 190 = -3*n + 9, 0 = -f*p + 5*n + 759. What is the remainder when p is divided by 69?
58
Let x(i) = 20*i + 401. Let n(s) = -4*s - 80. Let h(l) = 11*n(l) + 2*x(l). What is the remainder when 58 is divided by h(-22)?
8
Suppose y + y - 152 = 0. Let s = 145 - y. Suppose 15*x - 5*r = 19*x - 33, -4*x + 4*r = -60. What is the remainder when s is divided by x?
9
Suppose -131*f = -19781 - 8908. What is the remainder when 429 is divided by f?
210
Let a(o) = o**2 - 77*o + 3148. What is the remainder when a(43) is divided by 419?
10
Calculate the remainder when 386 is divided by 1/(((-33)/1166)/(9/(-6))).
15
What is the remainder when 92 is divided by (-222439)/(-2709) - 2/18?
10
Suppose 57*p - 64 = 55*p. Let m be (2 + -55)/((-9)/9). Let k = m - -8. Calculate the remainder when k is divided by p.
29
Let l(v) = -63*v**3 - 68*v**2 - 265*v - 1. Calculate the remainder when l(-4) is divided by 182.
181
Let i be 815*((-54)/15)/(-6). Let x = i - 452. Calculate the remainder when 44 is divided by x.
7
Let i be 0*(-2)/(-4) - (72 + 22). Let u = i + 211. Suppose -96 = -5*z - 2*g, -3*z = -6*z + 3*g + 66. Calculate the remainder when u is divided by z.
17
Let y = -13 + 18. Suppose -6*c + 3*c = -5*o - 540, -432 = 4*o - 5*c. Calculate the remainder when y is divided by (-240)/o + 6/(-27).
1
Suppose 184 = 3*n - 47. What is the remainder when 47 is divided by ((-10)/(-7))/(22/n)?
2
Suppose 12*t + 12328 = 32*t + 47*t. What is the remainder when 545 is divided by t?
177
Suppose 2*j - 6*j - 332 = -3*u, j = -2*u + 214. Suppose -u = 4*g - 24. Let h = g + 40. Calculate the remainder when 35 is divided by h.
16
Suppose -3*d + 39 - 27 = 0. Calculate the remainder when 10/(-25)*(-970)/d is divided by 10.
7
Let i(b) = -3*b - 9. Suppose 7*d - 8*d = 0. Suppose d = -3*u + 3 + 93. Calculate the remainder when u is divided by i(-7).
8
Suppose 194 - 174 = -8*q + 684. Calculate the remainder when q is divided by 42.
41
Let d = -22 + 8. Suppose -177 = 9*h - 636. Calculate the remainder when h is divided by (2/((-2)/3))/(d/126